{"id":196,"date":"2026-03-10T18:29:00","date_gmt":"2026-03-10T18:29:00","guid":{"rendered":"https:\/\/dubard-agencement.fr\/?page_id=196"},"modified":"2026-03-10T19:56:48","modified_gmt":"2026-03-10T19:56:48","slug":"le-coin-des-creations","status":"publish","type":"page","link":"https:\/\/dubard-agencement.fr\/index.php\/le-coin-des-creations\/","title":{"rendered":"Le coin des cr\u00e9ations"},"content":{"rendered":"\n<p>Des id\u00e9es \u00e0 prendre, de la cr\u00e9ation, tous les projets m\u00e9ritent d&rsquo;\u00eatre \u00e9tudi\u00e9s.<\/p>\n\n\n\n<h2 class=\"wp-block-heading\">Une cave \u00e0 vin &#8230;<\/h2>\n\n\n\n<div class=\"wp-block-columns is-layout-flex wp-container-core-columns-is-layout-9d6595d7 wp-block-columns-is-layout-flex\">\n<div class=\"wp-block-column is-layout-flow wp-block-column-is-layout-flow\" style=\"flex-basis:100%\">\n<figure class=\"wp-block-gallery has-nested-images columns-default is-cropped wp-block-gallery-1 is-layout-flex wp-block-gallery-is-layout-flex\">\n<figure class=\"wp-block-image size-large\"><img loading=\"lazy\" decoding=\"async\" width=\"1024\" height=\"768\" data-id=\"201\" src=\"https:\/\/dubard-agencement.fr\/wp-content\/uploads\/2026\/03\/IMG_5281-1024x768.jpeg\" alt=\"\" class=\"wp-image-201\" srcset=\"https:\/\/dubard-agencement.fr\/wp-content\/uploads\/2026\/03\/IMG_5281-1024x768.jpeg 1024w, https:\/\/dubard-agencement.fr\/wp-content\/uploads\/2026\/03\/IMG_5281-300x225.jpeg 300w, https:\/\/dubard-agencement.fr\/wp-content\/uploads\/2026\/03\/IMG_5281-768x576.jpeg 768w, https:\/\/dubard-agencement.fr\/wp-content\/uploads\/2026\/03\/IMG_5281-1536x1152.jpeg 1536w, https:\/\/dubard-agencement.fr\/wp-content\/uploads\/2026\/03\/IMG_5281.jpeg 2048w\" sizes=\"auto, (max-width: 767px) 89vw, (max-width: 1000px) 54vw, (max-width: 1071px) 543px, 580px\" \/><\/figure>\n\n\n\n<figure class=\"wp-block-image size-large\"><img loading=\"lazy\" decoding=\"async\" width=\"768\" height=\"1024\" data-id=\"207\" src=\"https:\/\/dubard-agencement.fr\/wp-content\/uploads\/2026\/03\/IMG_5301-1-768x1024.jpeg\" alt=\"\" class=\"wp-image-207\" srcset=\"https:\/\/dubard-agencement.fr\/wp-content\/uploads\/2026\/03\/IMG_5301-1-768x1024.jpeg 768w, https:\/\/dubard-agencement.fr\/wp-content\/uploads\/2026\/03\/IMG_5301-1-225x300.jpeg 225w, https:\/\/dubard-agencement.fr\/wp-content\/uploads\/2026\/03\/IMG_5301-1-1152x1536.jpeg 1152w, https:\/\/dubard-agencement.fr\/wp-content\/uploads\/2026\/03\/IMG_5301-1.jpeg 1536w\" sizes=\"auto, (max-width: 767px) 89vw, (max-width: 1000px) 54vw, (max-width: 1071px) 543px, 580px\" \/><\/figure>\n\n\n\n<figure class=\"wp-block-image size-large\"><img loading=\"lazy\" decoding=\"async\" width=\"1024\" height=\"768\" data-id=\"206\" src=\"https:\/\/dubard-agencement.fr\/wp-content\/uploads\/2026\/03\/IMG_6173-1-1024x768.jpeg\" alt=\"\" class=\"wp-image-206\" srcset=\"https:\/\/dubard-agencement.fr\/wp-content\/uploads\/2026\/03\/IMG_6173-1-1024x768.jpeg 1024w, https:\/\/dubard-agencement.fr\/wp-content\/uploads\/2026\/03\/IMG_6173-1-300x225.jpeg 300w, https:\/\/dubard-agencement.fr\/wp-content\/uploads\/2026\/03\/IMG_6173-1-768x576.jpeg 768w, https:\/\/dubard-agencement.fr\/wp-content\/uploads\/2026\/03\/IMG_6173-1-1536x1152.jpeg 1536w, https:\/\/dubard-agencement.fr\/wp-content\/uploads\/2026\/03\/IMG_6173-1.jpeg 2048w\" sizes=\"auto, (max-width: 767px) 89vw, (max-width: 1000px) 54vw, (max-width: 1071px) 543px, 580px\" \/><\/figure>\n<\/figure>\n\n\n\n<h2 class=\"wp-block-heading\">Une cuisine d&rsquo;\u00e9t\u00e9 &#8230;<\/h2>\n<\/div>\n<\/div>\n\n\n\n<figure class=\"wp-block-gallery has-nested-images columns-default is-cropped wp-block-gallery-2 is-layout-flex wp-block-gallery-is-layout-flex\">\n<figure class=\"wp-block-image size-large\"><img loading=\"lazy\" decoding=\"async\" width=\"1024\" height=\"768\" data-id=\"213\" src=\"https:\/\/dubard-agencement.fr\/wp-content\/uploads\/2026\/03\/IMG_7734-1024x768.jpeg\" alt=\"\" class=\"wp-image-213\" srcset=\"https:\/\/dubard-agencement.fr\/wp-content\/uploads\/2026\/03\/IMG_7734-1024x768.jpeg 1024w, https:\/\/dubard-agencement.fr\/wp-content\/uploads\/2026\/03\/IMG_7734-300x225.jpeg 300w, https:\/\/dubard-agencement.fr\/wp-content\/uploads\/2026\/03\/IMG_7734-768x576.jpeg 768w, https:\/\/dubard-agencement.fr\/wp-content\/uploads\/2026\/03\/IMG_7734-1536x1152.jpeg 1536w, https:\/\/dubard-agencement.fr\/wp-content\/uploads\/2026\/03\/IMG_7734.jpeg 2048w\" sizes=\"auto, (max-width: 767px) 89vw, (max-width: 1000px) 54vw, (max-width: 1071px) 543px, 580px\" \/><\/figure>\n\n\n\n<figure class=\"wp-block-image size-large\"><img loading=\"lazy\" decoding=\"async\" width=\"1024\" height=\"768\" data-id=\"211\" src=\"https:\/\/dubard-agencement.fr\/wp-content\/uploads\/2026\/03\/IMG_7926-1024x768.jpeg\" alt=\"\" class=\"wp-image-211\" srcset=\"https:\/\/dubard-agencement.fr\/wp-content\/uploads\/2026\/03\/IMG_7926-1024x768.jpeg 1024w, https:\/\/dubard-agencement.fr\/wp-content\/uploads\/2026\/03\/IMG_7926-300x225.jpeg 300w, https:\/\/dubard-agencement.fr\/wp-content\/uploads\/2026\/03\/IMG_7926-768x576.jpeg 768w, https:\/\/dubard-agencement.fr\/wp-content\/uploads\/2026\/03\/IMG_7926-1536x1152.jpeg 1536w, https:\/\/dubard-agencement.fr\/wp-content\/uploads\/2026\/03\/IMG_7926.jpeg 2048w\" sizes=\"auto, (max-width: 767px) 89vw, (max-width: 1000px) 54vw, (max-width: 1071px) 543px, 580px\" \/><\/figure>\n\n\n\n<figure class=\"wp-block-image size-large\"><img loading=\"lazy\" decoding=\"async\" width=\"1024\" height=\"768\" data-id=\"209\" src=\"https:\/\/dubard-agencement.fr\/wp-content\/uploads\/2026\/03\/IMG_7931-1024x768.jpeg\" alt=\"\" class=\"wp-image-209\" srcset=\"https:\/\/dubard-agencement.fr\/wp-content\/uploads\/2026\/03\/IMG_7931-1024x768.jpeg 1024w, https:\/\/dubard-agencement.fr\/wp-content\/uploads\/2026\/03\/IMG_7931-300x225.jpeg 300w, https:\/\/dubard-agencement.fr\/wp-content\/uploads\/2026\/03\/IMG_7931-768x576.jpeg 768w, https:\/\/dubard-agencement.fr\/wp-content\/uploads\/2026\/03\/IMG_7931-1536x1152.jpeg 1536w, https:\/\/dubard-agencement.fr\/wp-content\/uploads\/2026\/03\/IMG_7931.jpeg 2048w\" sizes=\"auto, (max-width: 767px) 89vw, (max-width: 1000px) 54vw, (max-width: 1071px) 543px, 580px\" \/><\/figure>\n\n\n\n<figure class=\"wp-block-image size-large\"><img loading=\"lazy\" decoding=\"async\" width=\"1024\" height=\"768\" data-id=\"208\" src=\"https:\/\/dubard-agencement.fr\/wp-content\/uploads\/2026\/03\/IMG_9049-1024x768.jpeg\" alt=\"\" class=\"wp-image-208\" srcset=\"https:\/\/dubard-agencement.fr\/wp-content\/uploads\/2026\/03\/IMG_9049-1024x768.jpeg 1024w, https:\/\/dubard-agencement.fr\/wp-content\/uploads\/2026\/03\/IMG_9049-300x225.jpeg 300w, https:\/\/dubard-agencement.fr\/wp-content\/uploads\/2026\/03\/IMG_9049-768x576.jpeg 768w, https:\/\/dubard-agencement.fr\/wp-content\/uploads\/2026\/03\/IMG_9049-1536x1152.jpeg 1536w, https:\/\/dubard-agencement.fr\/wp-content\/uploads\/2026\/03\/IMG_9049.jpeg 2048w\" sizes=\"auto, (max-width: 767px) 89vw, (max-width: 1000px) 54vw, (max-width: 1071px) 543px, 580px\" \/><\/figure>\n\n\n\n<figure class=\"wp-block-image size-large\"><img loading=\"lazy\" decoding=\"async\" width=\"1024\" height=\"768\" data-id=\"205\" src=\"https:\/\/dubard-agencement.fr\/wp-content\/uploads\/2026\/03\/IMG_9057-1024x768.jpeg\" alt=\"\" class=\"wp-image-205\" srcset=\"https:\/\/dubard-agencement.fr\/wp-content\/uploads\/2026\/03\/IMG_9057-1024x768.jpeg 1024w, https:\/\/dubard-agencement.fr\/wp-content\/uploads\/2026\/03\/IMG_9057-300x225.jpeg 300w, https:\/\/dubard-agencement.fr\/wp-content\/uploads\/2026\/03\/IMG_9057-768x576.jpeg 768w, https:\/\/dubard-agencement.fr\/wp-content\/uploads\/2026\/03\/IMG_9057-1536x1152.jpeg 1536w, https:\/\/dubard-agencement.fr\/wp-content\/uploads\/2026\/03\/IMG_9057.jpeg 2048w\" sizes=\"auto, (max-width: 767px) 89vw, (max-width: 1000px) 54vw, (max-width: 1071px) 543px, 580px\" \/><\/figure>\n\n\n\n<figure class=\"wp-block-image size-large\"><img loading=\"lazy\" decoding=\"async\" width=\"1024\" height=\"576\" data-id=\"202\" src=\"https:\/\/dubard-agencement.fr\/wp-content\/uploads\/2026\/03\/IMG_9202-1024x576.jpg\" alt=\"\" class=\"wp-image-202\" srcset=\"https:\/\/dubard-agencement.fr\/wp-content\/uploads\/2026\/03\/IMG_9202-1024x576.jpg 1024w, https:\/\/dubard-agencement.fr\/wp-content\/uploads\/2026\/03\/IMG_9202-300x169.jpg 300w, https:\/\/dubard-agencement.fr\/wp-content\/uploads\/2026\/03\/IMG_9202-768x432.jpg 768w, https:\/\/dubard-agencement.fr\/wp-content\/uploads\/2026\/03\/IMG_9202-1536x864.jpg 1536w, https:\/\/dubard-agencement.fr\/wp-content\/uploads\/2026\/03\/IMG_9202.jpg 1920w\" sizes=\"auto, (max-width: 767px) 89vw, (max-width: 1000px) 54vw, (max-width: 1071px) 543px, 580px\" \/><\/figure>\n\n\n\n<figure class=\"wp-block-image size-large\"><img loading=\"lazy\" decoding=\"async\" width=\"1024\" height=\"768\" data-id=\"203\" src=\"https:\/\/dubard-agencement.fr\/wp-content\/uploads\/2026\/03\/IMG_9258-1024x768.jpeg\" alt=\"\" class=\"wp-image-203\" srcset=\"https:\/\/dubard-agencement.fr\/wp-content\/uploads\/2026\/03\/IMG_9258-1024x768.jpeg 1024w, https:\/\/dubard-agencement.fr\/wp-content\/uploads\/2026\/03\/IMG_9258-300x225.jpeg 300w, https:\/\/dubard-agencement.fr\/wp-content\/uploads\/2026\/03\/IMG_9258-768x576.jpeg 768w, https:\/\/dubard-agencement.fr\/wp-content\/uploads\/2026\/03\/IMG_9258-1536x1152.jpeg 1536w, https:\/\/dubard-agencement.fr\/wp-content\/uploads\/2026\/03\/IMG_9258.jpeg 2048w\" sizes=\"auto, (max-width: 767px) 89vw, (max-width: 1000px) 54vw, (max-width: 1071px) 543px, 580px\" \/><\/figure>\n<\/figure>\n","protected":false},"excerpt":{"rendered":"<p>Des id\u00e9es \u00e0 prendre, de la cr\u00e9ation, tous les projets m\u00e9ritent d&rsquo;\u00eatre \u00e9tudi\u00e9s. Une cave \u00e0 vin &#8230; Une cuisine d&rsquo;\u00e9t\u00e9 &#8230;<\/p>\n","protected":false},"author":1,"featured_media":0,"parent":0,"menu_order":0,"comment_status":"closed","ping_status":"closed","template":"","meta":{"footnotes":""},"class_list":["post-196","page","type-page","status-publish","hentry"],"_links":{"self":[{"href":"https:\/\/dubard-agencement.fr\/index.php\/wp-json\/wp\/v2\/pages\/196","targetHints":{"allow":["GET"]}}],"collection":[{"href":"https:\/\/dubard-agencement.fr\/index.php\/wp-json\/wp\/v2\/pages"}],"about":[{"href":"https:\/\/dubard-agencement.fr\/index.php\/wp-json\/wp\/v2\/types\/page"}],"author":[{"embeddable":true,"href":"https:\/\/dubard-agencement.fr\/index.php\/wp-json\/wp\/v2\/users\/1"}],"replies":[{"embeddable":true,"href":"https:\/\/dubard-agencement.fr\/index.php\/wp-json\/wp\/v2\/comments?post=196"}],"version-history":[{"count":4,"href":"https:\/\/dubard-agencement.fr\/index.php\/wp-json\/wp\/v2\/pages\/196\/revisions"}],"predecessor-version":[{"id":233,"href":"https:\/\/dubard-agencement.fr\/index.php\/wp-json\/wp\/v2\/pages\/196\/revisions\/233"}],"wp:attachment":[{"href":"https:\/\/dubard-agencement.fr\/index.php\/wp-json\/wp\/v2\/media?parent=196"}],"curies":[{"name":"wp","href":"https:\/\/api.w.org\/{rel}","templated":true}]}}